50 and 104760?
270
Calculate the highest common factor of 131879 and 418.
209
What is the greatest common factor of 12328 and 644?
92
What is the greatest common factor of 277 and 714106?
277
Calculate the highest common factor of 377 and 923.
13
Calculate the greatest common divisor of 22 and 32087.
11
Calculate the greatest common factor of 16660 and 250.
10
What is the greatest common divisor of 47364 and 1284?
12
Calculate the greatest common factor of 64 and 331896.
8
Calculate the greatest common factor of 39614 and 4408.
58
What is the greatest common divisor of 39560 and 5060?
460
Calculate the greatest common divisor of 2770 and 452.
2
What is the greatest common divisor of 1584 and 41664?
48
Calculate the highest common divisor of 210822 and 2460.
246
What is the greatest common divisor of 68664 and 456?
24
Calculate the highest common divisor of 6612114 and 124.
62
Calculate the highest common divisor of 34776 and 368.
184
Calculate the greatest common factor of 492 and 318.
6
What is the highest common divisor of 28 and 3217606?
14
What is the greatest common factor of 162624 and 132?
132
Calculate the highest common factor of 148 and 54205.
37
What is the greatest common factor of 60 and 5668464?
12
Calculate the greatest common divisor of 289961 and 49.
7
What is the highest common factor of 426 and 930313?
71
What is the highest common divisor of 258 and 914008?
86
What is the highest common factor of 54 and 7482429?
27
What is the greatest common divisor of 26866 and 95?
19
Calculate the greatest common divisor of 39 and 553592.
13
Calculate the highest common divisor of 1250571 and 231.
21
Calculate the highest common factor of 37 and 53983.
37
What is the highest common divisor of 358897 and 711?
79
What is the highest common factor of 3600 and 4?
4
Calculate the greatest common factor of 912 and 10716.
228
What is the highest common divisor of 355460 and 3780?
140
Calculate the greatest common divisor of 2028099 and 1574.
787
Calculate the greatest common divisor of 28179 and 9696.
303
Calculate the highest common divisor of 1136775 and 345.
345
Calculate the greatest common divisor of 6461 and 843409.
497
Calculate the highest common divisor of 5308 and 76.
4
Calculate the greatest common divisor of 19446 and 318.
6
What is the highest common factor of 959 and 405794?
137
What is the greatest common divisor of 3247 and 2101?
191
What is the greatest common divisor of 717 and 57?
3
Calculate the highest common factor of 1650597 and 39.
39
Calculate the greatest common factor of 25718 and 273713.
1837
Calculate the greatest common divisor of 296 and 18280.
8
Calculate the highest common divisor of 23 and 379201.
23
Calculate the highest common divisor of 550 and 26554.
22
Calculate the greatest common divisor of 823 and 5799681.
823
Calculate the greatest common factor of 229057 and 866.
433
What is the greatest common factor of 2542 and 52480?
82
Calculate the highest common factor of 901314 and 486.
54
What is the greatest common factor of 313418 and 244?
122
What is the greatest common factor of 350 and 63966?
14
What is the greatest common divisor of 8349 and 31119?
759
Calculate the greatest common factor of 4681 and 26878.
151
What is the greatest common divisor of 14 and 556?
2
What is the greatest common divisor of 111313 and 9577?
157
What is the highest common divisor of 13403 and 91?
13
Calculate the highest common divisor of 893070 and 414.
18
Calculate the greatest common factor of 4 and 35314.
2
Calculate the greatest common divisor of 3278 and 368775.
1639
Calculate the highest common factor of 9811923 and 627.
627
What is the greatest common factor of 2984 and 24?
8
What is the greatest common divisor of 3572 and 4324?
188
Calculate the highest common divisor of 1792 and 1708.
28
Calculate the greatest common divisor of 7986 and 39534.
66
Calculate the highest common divisor of 1220 and 5849595.
305
Calculate the highest common factor of 4764 and 3708.
12
Calculate the greatest common divisor of 19234 and 378486.
326
What is the highest common factor of 10638 and 14972?
394
What is the greatest common divisor of 19227 and 374361?
1131
Calculate the highest common divisor of 111735 and 585.
585
Calculate the greatest common factor of 146424 and 24.
24
Calculate the greatest common divisor of 84 and 12744.
12
Calculate the greatest common factor of 47704 and 416.
8
What is the greatest common factor of 3549 and 357?
21
Calculate the greatest common divisor of 3066 and 52560.
438
What is the greatest common divisor of 264 and 156084?
12
Calculate the highest common factor of 434139 and 141.
141
Calculate the greatest common divisor of 64757 and 69803.
841
Calculate the highest common divisor of 33 and 956659.
11
Calculate the highest common divisor of 184 and 213716.
92
Calculate the highest common factor of 4 and 165556.
4
Calculate the greatest common divisor of 9272910 and 445.
445
What is the greatest common divisor of 27269 and 222?
37
Calculate the greatest common factor of 56846 and 344.
86
What is the highest common divisor of 213 and 24637?
71
Calculate the greatest common divisor of 1593 and 462501.
531
What is the highest common factor of 1399854 and 2715?
543
What is the highest common divisor of 42 and 214060?
14
Calculate the greatest common divisor of 169 and 243529.
169
Calculate the highest common divisor of 480 and 32320.
160
What is the highest common divisor of 3534 and 3768?
6
Calculate the highest common factor of 35621 and 179.
179
Calculate the highest common divisor of 794019 and 459.
51
Calculate the greatest common factor of 136 and 4869548.
68
What is the greatest common divisor of 7 and 75593?
7
Calculate the greatest common divisor of 9 and 57316.
1
What is the highest common factor of 249 and 2274117?
249
Calculate the greatest common factor of 110 and 54835.
55
What is the highest common factor of 62 and 845680?
62
Calculate the highest common divisor of 7611 and 344973.
177
Calculate the highest common factor of 102600 and 135.
135
Calculate the highest common divisor of 63833 and 84.
7
What is the greatest common divisor of 20 and 47740?
20
Calculate the greatest common divisor of 2620 and 8515.
655
Calculate the greatest common divisor of 900 and 30006.
18
Calculate the greatest common factor of 170 and 18938.
34
What is the greatest common divisor of 63 and 33813?
9
Calculate the greatest common divisor of 15081 and 22.
11
What is the highest common divisor of 507 and 2411968?
169
Calculate the greatest common divisor of 660 and 783684.
132
What is the greatest common factor of 6593 and 1786?
19
Calculate the greatest common factor of 1898 and 1460.
146
Calculate the greatest common factor of 1018647 and 2185.
437
What is the highest common factor of 80 and 14464?
16
Calculate the highest common divisor of 30425 and 10.
5
Calculate the highest common factor of 304 and 3554672.
304
What is the highest common factor of 10591000 and 178?
178
What is the highest common divisor of 4378 and 45430?
22
What is the highest common divisor of 4958 and 4625?
37
What is the highest common factor of 76152 and 304?
152
Calculate the greatest common divisor of 36087 and 523.
523
What is the greatest common factor of 11 and 1218272?
11
What is the greatest common divisor of 79208 and 128?
8
What is the greatest common divisor of 316 and 2556124?
316
Calculate the greatest common factor of 5121 and 9.
9
Calculate the greatest common divisor of 1716 and 9750.
78
Calculate the highest common factor of 3634 and 7031.
79
Calculate the greatest common divisor of 39556 and 11484.
1276
What is the greatest common divisor of 1165 and 155?
5
What is the highest common factor of 845 and 99541?
169
What is the highest common factor of 39654 and 72?
18
Calculate the greatest common divisor of 150 and 503940.
30
What is the greatest common divisor of 9786 and 10718?
466
Calculate the greatest common divisor of 7051 and 1320.
11
What is the highest common divisor of 3108 and 3822?
42
Calculate the greatest common divisor of 28 and 129844.
4
What is the greatest common factor of 5265 and 2145?
195
What is the greatest common divisor of 8517 and 835?
167
Calculate the highest common divisor of 179114 and 2